
In base 7, what is -354152 + 16?
-354133
In base 9, what is 1 + 5330033?
5330034
In base 13, what is -119b - 254?
-1422
In base 15, what is -7 - -3d24480?
3d24478
In base 10, what is 56592 - 27?
56565
In base 10, what is 302338 - -63?
302401
In base 15, what is -c1d0 + 38?
-c197
In base 8, what is 11270 - 3222?
6046
In base 2, what is 111101 - -11100111101000000?
11100111101111101
In base 9, what is -210621458 + 5?
-210621453
In base 13, what is 26c615c + -16?
26c6146
In base 11, what is -a68 - 1a39?
-29a6
In base 10, what is 7222 - -3453?
10675
In base 10, what is 245 - 56559?
-56314
In base 14, what is -4 + 427a57d?
427a579
In base 2, what is 111100001010000 - 101000100110?
110111000101010
In base 6, what is 42352 + 5142?
51534
In base 4, what is 2123232033 - 323?
2123231110
In base 3, what is 0 + 1221012012100?
1221012012100
In base 5, what is -311 - 142344143?
-142400004
In base 10, what is 13512 - -25630?
39142
In base 6, what is -110504515 + 1?
-110504514
In base 2, what is 100 + -101001011110000001011?
-101001011110000000111
In base 4, what is 23 + 1313103031331?
1313103032020
In base 8, what is -4 - 1536040661?
-1536040665
In base 10, what is -7293368 - 7?
-7293375
In base 2, what is -10 - 111010110110110000011?
-111010110110110000101
In base 15, what is -17d3 - 55e?
-1d42
In base 11, what is -295 + 7376a?
73485
In base 3, what is 112121001 + 2201002220?
10020200221
In base 10, what is -105158 - -47?
-105111
In base 16, what is -5cb53 + -e2?
-5cc35
In base 12, what is 2009 - 27b7?
-7aa
In base 9, what is 326 + 118062?
118388
In base 13, what is -3 + 41b059?
41b056
In base 10, what is -599514 - -305?
-599209
In base 10, what is 220644 + -335?
220309
In base 6, what is -5 - -151050455?
151050450
In base 5, what is 103013034433 + 3?
103013034441
In base 5, what is -210 - -12443004310?
12443004100
In base 11, what is -16427 + 34a?
-16088
In base 2, what is 1101001001001001010100110010 + 110?
1101001001001001010100111000
In base 6, what is -5 - -3433135?
3433130
In base 7, what is 5 + -1336035?
-1336030
In base 12, what is -4a - 14ab5?
-14b43
In base 12, what is -69 - 40829?
-40896
In base 11, what is 2 - 7242456?
-7242454
In base 15, what is 106203e + -29?
1062015
In base 3, what is 120202 - 110212110012?
-110211212110
In base 6, what is -13 + 443303503?
443303450
In base 8, what is 10 - -5612211?
5612221
In base 3, what is -10021002211020011 - -1?
-10021002211020010
In base 5, what is 2 + -1112142?
-1112140
In base 16, what is -3b2 + -65c?
-a0e
In base 8, what is 5 - -75710604?
75710611
In base 11, what is 4171a - -114?
41833
In base 10, what is -4 + 1433134?
1433130
In base 6, what is -3 + -122313412?
-122313415
In base 16, what is 1497d8 - -9?
1497e1
In base 9, what is 3858 + -14622?
-10653
In base 10, what is 37 + -4380?
-4343
In base 5, what is 4444222 + 111334?
10111111
In base 10, what is 0 + 155853947?
155853947
In base 14, what is 88b1d + 134?
88c53
In base 3, what is -12122 - 20201200200?
-20201220022
In base 13, what is 542 + -2833?
-22c1
In base 3, what is 100120220212100021 - 12?
100120220212100002
In base 11, what is -19 - -884336?
884318
In base 11, what is 0 + a099173?
a099173
In base 15, what is 368a03 - -a9?
368aac
In base 15, what is -21779d2 - 5?
-21779d7
In base 8, what is -340437 + 543?
-337674
In base 16, what is -76ff8 - 52?
-7704a
In base 10, what is 2065 + 402?
2467
In base 10, what is -3722703 - -18?
-3722685
In base 7, what is -524005 + -2500?
-526505
In base 3, what is 1220221112022222 + 2?
1220221112100001
In base 6, what is -211052 - 5224?
-220320
In base 8, what is 16306374 + 2?
16306376
In base 5, what is 22131310 - 12?
22131243
In base 8, what is 270476264 + 0?
270476264
In base 12, what is -22203 - 7?
-2220a
In base 15, what is 5 - -7ca38?
7ca3d
In base 16, what is -13e4 - 480d?
-5bf1
In base 2, what is 10100011010001 + -10010100010010000?
-1111111110111111
In base 13, what is -252662a + -5?
-2526632
In base 14, what is -1 - 2100ab1?
-2100ab2
In base 12, what is 274 + -28592?
-2831a
In base 5, what is 1212042124 + -13?
1212042111
In base 6, what is -4 + -10224331234?
-10224331242
In base 3, what is 10110 + 202211202010?
202211212120
In base 7, what is -12443012 + 32?
-12442650
In base 16, what is 3 - 6e22c88?
-6e22c85
In base 16, what is -db34bf + -5?
-db34c4
In base 9, what is -14 - 4031262?
-4031276
In base 8, what is -331106 - -5716?
-323170
In base 3, what is 202220222121 + 2210?
202221002101
In base 14, what is 0 + -44c275?
-44c275
In base 2, what is 100010100010101001100010 + -11000?
100010100010101001001010
In base 12, what is 20a310 + 12?
20a322
In base 14, what is -1267c14 - 4?
-1267c18
In base 3, what is 2221100211120 - 11?
2221100211102
In base 9, what is 52 + -2818470?
-2818417
In base 11, what is 3374 + 1a4?
3568
In base 10, what is -5 - 129049934?
-129049939
In base 10, what is -39848 + -388?
-40236
In base 2, what is 1001001101100110111110101 - 11?
1001001101100110111110010
In base 8, what is 1547374130 - 3?
1547374125
In base 6, what is 11 - -1045321102?
1045321113
In base 12, what is -26 + -11451?
-11477
In base 16, what is 22 + -118b677?
-118b655
In base 9, what is 2 - -618541?
618543
In base 4, what is -323310233 - -1031?
-323303202
In base 13, what is -3 + -2086c349?
-2086c34c
In base 4, what is 223 + 302001030?
302001313
In base 9, what is -107644758 - -3?
-107644755
In base 5, what is 134 - -240110144?
240110333
In base 6, what is -14 - 12132?
-12150
In base 11, what is -110 + -74353?
-74463
In base 7, what is -213105026 - -2?
-213105024
In base 2, what is -10100100 + 1011101000001000?
1011100101100100
In base 13, what is 3 + -ab5428?
-ab5425
In base 5, what is 12 + 32230334323?
32230334340
In base 4, what is -10 - -2233100123?
2233100113
In base 15, what is e2996 - 75?
e2921
In base 12, what is 1 - -a74443?
a74444
In base 10, what is -1490 - -451?
-1039
In base 9, what is -106673232 + 2?
-106673230
In base 5, what is 3002 + -1120400?
-1112343
In base 2, what is 1110011011000101111001101010 + 1?
1110011011000101111001101011
In base 7, what is -4012 + 1306120?
1302105
In base 2, what is -10000100010010001001001101 - -11?
-10000100010010001001001010
In base 7, what is -231 + 356266?
356035
In base 8, what is -61415 - 6335?
-67752
In base 10, what is -3564263 + -88?
-3564351
In base 2, what is 100001010010001010101110001 - -1?
100001010010001010101110010
In base 10, what is -131 + -946894?
-947025
In base 12, what is 2393 + -365a5?
-34212
In base 9, what is -168005 + 267?
-167627
In base 11, what is 7908 - 248?
7670
In base 6, what is 20 - 5101013?
-5100553
In base 14, what is -14aa015 + -3?
-14aa018
In base 10, what is -20109595 + 2?
-20109593
In base 8, what is -7500 - 3512?
-13212
In base 5, what is 1 - -411020030?
411020031
In base 6, what is -10 + 141213320?
141213310
In base 11, what is -199 - -23a688?
23a49a
In base 2, what is -1000100101010111 + 1010101101?
-1000011010101010
In base 12, what is -9 - 5081375?
-5081382
In base 2, what is -10001100000110100 - 1111100?
-10001100010110000
In base 14, what is -543b - 206?
-5643
In base 12, what is -2 + 17901555?
17901553
In base 8, what is 34565101 - 6?
34565073
In base 12, what is 1b1761 + -4?
1b1759
In base 15, what is -18784 - 2265?
-1a9e9
In base 2, what is -100100111100010111 + -101?
-100100111100011100
In base 10, what is 809 + -7712?
-6903
In base 3, what is 1002021012021 - -201?
1002021012222
In base 7, what is 22400 - -10131?
32531
In base 14, what is -39a83d4 + -2?
-39a83d6
In base 8, what is -23 - -3662174?
3662151
In base 8, what is 163416157 - 3?
163416154
In base 6, what is 5 + 4354103?
4354112
In base 13, what is a - 1c8765?
-1c8758
In base 3, what is -1020011012 - -101201100?
-211102212
In base 11, what is 5673881 - 5?
5673877
In base 16, what is -7 - -1999892?
199988b
In base 12, what is 1960 + -2764?
-a04
In base 7, what is -122416 + 35431?
-53655
In base 12, what is -160947 + -10b9?
-161a44
In base 3, what is -12201112201220 + -102?
-12201112202022
In base 5, what is 0 - -11324223000?
11324223000
In base 12, what is 12a41a - 1977?
128663
In base 12, what is -24302 + -45?
-24347
In base 13, what is -67b42c1 - -4?
-67b42ba
In base 9, what is -203 + -50215?
-50418
In base 9, what is -771027072 - 1?
-771027073
In 